= 4*t**2 - 26*t + 47. Let u(d) = -7*n(d) + 3*z(d). Let j be u(15). What is the highest common divisor of 1 and j?
1
Suppose 10*s + 88 = 11*s. What is the greatest common divisor of s and 11?
11
Let p(f) = 13*f - 76. Let d be p(6). Suppose 0 = -2*x + d*o + 8, -2*x - 6 = o + 4*o. What is the highest common divisor of 16 and x?
2
Let m(x) = 2*x**2 + 12*x - 24. Let i be m(-12). Let v = 84 + -60. What is the highest common factor of i and v?
24
Let x be (-2 + 25)*5 - 0. Suppose -58 = -p + 5*t + 27, -2*p + x = t. What is the greatest common factor of 40 and p?
20
Let n be (-3 - (-9)/4)/(9/(-2712)). Calculate the highest common factor of n and 2.
2
Suppose -30 = -2*l - 2. Let y be -1 + 5 + 7/(7/4). Calculate the greatest common divisor of l and y.
2
Let y = -927 + 995. Calculate the highest common factor of y and 12.
4
Suppose 0 = 5*a - 11 - 4. Let w(f) = 10*f - 2. Let m be w(a). Suppose -10*u + 3*u = -98. What is the highest common divisor of m and u?
14
Let g(o) = -36*o + 186. Let r be g(4). Calculate the greatest common factor of 273 and r.
21
Let f be (84/(-252))/((-1)/27). Calculate the highest common divisor of f and 531.
9
Let i(h) = h**3 - 3*h**2 - 3*h - 2. Let c be i(4). Let v be (2 - (-66)/c) + -4. Calculate the highest common factor of 155 and v.
31
Let i(j) = 36*j - 54. Let a be 30/25*10 - 3. Let u be i(a). Calculate the highest common factor of 30 and u.
30
Suppose -y - 12 = -31. Suppose 3*s - y = 2. Let c(d) = 11*d + 4. Let h be c(6). What is the greatest common factor of h and s?
7
Let i(w) = -w**2 - 5*w - 4. Let t be i(-4). Let v be (0 - -15) + -2 + t. Let z = 706 - 693. What is the highest common factor of z and v?
13
Suppose 5*c - 4*h - 491 = 0, -4*c - 3*h = -c - 300. Let y = -3 - -2. Let o be (-11 - (-4)/2)*y. Calculate the greatest common factor of c and o.
9
Suppose 93 = 3*m - 3*o, 7*m + 46 = 8*m + 2*o. What is the highest common factor of 270 and m?
18
Let s be (-24)/(-2 + -1) + 72. What is the highest common factor of s and 15?
5
Let b be 1*-2*(-595)/5. Let w = -450 + 464. What is the greatest common divisor of w and b?
14
Suppose -5*i - 3*z + 497 = 0, -5*z - 180 = -3*i + 125. Suppose -6*o + 4*t + 20 = -2*o, 2*t = 8. Let q = o - -1. Calculate the greatest common factor of q and i.
10
Suppose 3*b + 56 = -b. Let l be (-108)/b + 6/21. Suppose 0*u + 145 = 5*p - 5*u, -u = p - 35. What is the highest common factor of p and l?
8
Suppose -4*v - 4*n + 60 = 0, -v - 5 = 2*n - 20. Suppose 2*z - z - v = 0. Suppose -z = -8*g + 3*g. What is the highest common factor of 2 and g?
1
Suppose -4*m = -5*m + 7. Suppose 2*a + 1 = -4*q + a, -3*q - 2 = a. Let o be 56/4*q + 0. Calculate the highest common divisor of m and o.
7
Let y = 22 - 5. Let g = 0 + y. Let r(s) = s**2 + 1. Let i be r(-4). What is the greatest common divisor of g and i?
17
Let v be (-2 + 25/10)*(-128)/(-2). Calculate the greatest common divisor of 56 and v.
8
Let b(r) = r**2 - r + 2. Let j be b(0). Let q(n) = -n**j + 9*n**2 + 12 - 4*n**2. Let w be q(-7). Calculate the greatest common factor of w and 26.
26
Let o(l) = -19*l - 2. Let u be o(-3). Let w be (407/(-55))/(5/25). Let t = u + w. Calculate the greatest common divisor of 18 and t.
18
Let p be (28/(-6))/(4/(-18)). Suppose -8*y + 7*y + 168 = 0. What is the highest common divisor of y and p?
21
Let d be 8070/12 - 11 - (-6)/4. What is the greatest common divisor of 39 and d?
39
Let d be (-11)/22 + (-23)/2. Let v = d + 5. Let s(f) = 2*f**2 + 10*f - 1. Let w be s(v). Calculate the highest common factor of w and 9.
9
Let m = 2171 + -1240. Calculate the highest common divisor of m and 98.
49
Suppose -29*h - 2*a = -25*h - 108, -4*a = -h + 54. Let v be -3*14/(-3) + 1. What is the highest common divisor of h and v?
15
Let b = 5 + -3. Let c(z) = 4*z - b*z + 15 - 5. Let y be c(0). What is the greatest common divisor of 15 and y?
5
Let v be (4/6)/(4/12). Suppose v*f - 76 = 80. Let a be 15 - -1*(3 + -5). What is the greatest common factor of a and f?
13
Suppose -62 + 242 = 3*l. Suppose 9*i - l = 4*i. Suppose -3*b = -200 - 52. Calculate the highest common factor of b and i.
12
Let g = 89 + -87. Let m be 28/(-21)*-12*g/4. Calculate the greatest common divisor of 72 and m.
8
Suppose -3*z + 16 = 1. Suppose -z*i = 2*k - 16, 2*i - 3*k = -i - 3. Let w = 14 - i. Calculate the highest common divisor of w and 4.
4
Suppose 271 = 11*i - 928. What is the greatest common divisor of i and 1?
1
Let x(z) = z**2 + 6*z - 22. Let r be x(-9). Suppose -r*u - 30 = -10*u. What is the highest common factor of 8 and u?
2
Let v be (0 - 0 - 6)*832/(-78). Calculate the greatest common factor of v and 352.
32
Let j = 1947 + -1909. Calculate the greatest common divisor of 437 and j.
19
Suppose -4*j - 164 = -2*v, -188*v + 190*v - j - 158 = 0. Calculate the greatest common divisor of 18 and v.
6
Let t be ((-76)/(-24))/((-2)/(-12)). Calculate the greatest common divisor of t and 589.
19
Let n(r) = -r**3 + 12*r**2 - 19*r + 18. Let u be n(9). Suppose -10*g = -u - 10. What is the highest common factor of g and 230?
10
Let x = 289 + 107. Calculate the greatest common factor of 44 and x.
44
Let o(c) = c**3 + 10*c**2 - 14*c - 85. Let r be o(-7). Calculate the highest common factor of r and 30.
10
Let f be (0 - 1)*464/(-8). What is the highest common divisor of f and 2?
2
Suppose 19*d = 15*d + 572. Let v(m) = -m**2 - 25*m + 39. Let t be v(-26). Calculate the highest common factor of d and t.
13
Suppose 26*l - 2900 = -24*l. Calculate the highest common divisor of 986 and l.
58
Let l(d) = -4*d**2 + 72*d - 32. Let s be l(16). Calculate the greatest common factor of s and 352.
32
Let j = -45 - -87. Calculate the greatest common factor of j and 1526.
14
Let s be ((-39)/12)/((-3 - 1)/(-144)). Let y be s/(-26)*4*4/3. What is the greatest common factor of y and 8?
8
Suppose 0 = s + 34 - 50. What is the highest common divisor of 48 and s?
16
Let q = 7 + -5. Suppose t - q*t = -4. Suppose t*k + 36 = u, -u + 36 = 3*k + k. What is the greatest common factor of 24 and u?
12
Suppose -4*q + 22 = l, -3*l + 5*q - 143 = -7*l. Suppose -26*s - l = -29*s. What is the greatest common divisor of s and 14?
14
Suppose -201 = -5*n - 11. Suppose 0 = 4*o - 3*i + 19, 4*i = -5*o - 3 + 18. Let b be 18 - (o + -3)/4. Calculate the greatest common divisor of b and n.
19
Suppose 6 = -3*a + 12. Let h be ((-555)/6)/(-5)*a. Calculate the greatest common divisor of 111 and h.
37
Let h be 4/6 + 2/(-3). Suppose 3*z + 5*l = -h*l + 110, -5 = -5*l. Calculate the highest common divisor of 70 and z.
35
Let c(i) = 3*i**3 - i**2 + i. Suppose -p = p + 4. Let k = 3 + p. Let b be c(k). What is the highest common divisor of 24 and b?
3
Suppose -4*z + 131 = -5*t - 334, 132 = z + 4*t. What is the greatest common divisor of z and 920?
40
Let j be (-102)/34*(-231)/9. What is the highest common divisor of 2079 and j?
77
Let n = -49 + -61. Let l be (n/(-14) + (-3)/(-21))/2. What is the greatest common divisor of l and 12?
4
Let y = 248 - -109. What is the greatest common factor of 68 and y?
17
Let z(n) = 7*n + 236. Let i be z(15). What is the greatest common divisor of i and 155?
31
Suppose -7*m - 20*m + 5103 = 0. Calculate the greatest common divisor of m and 42.
21
Let h = 3256 - 3238. What is the highest common factor of h and 8?
2
Let k(o) = -o**3 + 9*o**2 + 10*o + 3. Let m be k(10). Suppose z = m*z. Let i = z + 11. What is the greatest common factor of i and 11?
11
Let p be -3*(4*1 + (-6)/9). Let q be 15/25 - 4/p. What is the highest common factor of q and 8?
1
Let u = -8 - -9. Suppose -4*q - 5*x = -3, 6 + u = 4*q + x. Let b be (-12)/(-20) - (-6)/15. What is the greatest common factor of q and b?
1
Let w = 1534 + -1009. Calculate the greatest common divisor of w and 63.
21
Suppose 2*g + 7 - 35 = -4*n, 5*n = -g + 29. Suppose p - 106 = -g*h, 0 = -4*h - p - 3*p + 100. Calculate the greatest common divisor of h and 18.
9
Let w be (-2)/2 - 1 - -32. Let s be 4 - ((14 - 14)/16 - 532/2). Calculate the greatest common divisor of s and w.
30
Let b(w) be the second derivative of 4*w**3/3 - 15*w**2/2 + w. Let a be (-232)/(-20) + 4/10. Let n be b(a). What is the greatest common factor of 9 and n?
9
Suppose 4*z + z - 5 = 0. Suppose -z - 2 = -c. Suppose 51 = c*a + 9. What is the highest common divisor of a and 98?
14
Let z = 0 - -1. Suppose 4*h